ist the prime factors of 3962790.
2, 3, 5, 13, 1129
List the prime factors of 6853699.
19, 137, 2633
What are the prime factors of 29371271?
29371271
List the prime factors of 8839057.
1741, 5077
List the prime factors of 16478856.
2, 3, 23, 31, 107
What are the prime factors of 18689950?
2, 5, 43, 8693
List the prime factors of 549437.
7, 11213
What are the prime factors of 243289?
113, 2153
What are the prime factors of 226975?
5, 7, 1297
List the prime factors of 482327.
61, 7907
What are the prime factors of 207581?
11, 113, 167
What are the prime factors of 852179?
852179
What are the prime factors of 263727?
3, 29303
List the prime factors of 138904.
2, 97, 179
What are the prime factors of 929969?
31, 131, 229
What are the prime factors of 14969201?
13, 37, 31121
What are the prime factors of 108654?
2, 3, 7, 13, 199
What are the prime factors of 11668608?
2, 3, 7, 1447
List the prime factors of 42369.
3, 29, 487
What are the prime factors of 1701117?
3, 11, 17183
List the prime factors of 4419727.
13, 127, 2677
List the prime factors of 141818.
2, 23, 3083
List the prime factors of 9598287.
3, 19, 168391
List the prime factors of 6922523.
6922523
What are the prime factors of 1080305?
5, 216061
What are the prime factors of 9020016?
2, 3, 62639
What are the prime factors of 8324505?
3, 5, 7, 23, 383
What are the prime factors of 854795?
5, 23, 7433
List the prime factors of 545939.
545939
What are the prime factors of 68325?
3, 5, 911
What are the prime factors of 6163611?
3, 2054537
What are the prime factors of 3559986?
2, 3, 23, 8599
List the prime factors of 29642493.
3, 233, 42407
What are the prime factors of 242784?
2, 3, 281
What are the prime factors of 1094355?
3, 5, 83, 293
List the prime factors of 306149.
306149
List the prime factors of 454197.
3, 101, 1499
What are the prime factors of 216071?
216071
What are the prime factors of 925715?
5, 7, 26449
List the prime factors of 29294.
2, 97, 151
What are the prime factors of 206545?
5, 101, 409
What are the prime factors of 533845?
5, 13, 43, 191
List the prime factors of 9761218.
2, 31, 313, 503
What are the prime factors of 893845?
5, 53, 3373
What are the prime factors of 1972246?
2, 83, 109
List the prime factors of 13825608.
2, 3, 449, 1283
What are the prime factors of 9726108?
2, 3, 7, 17, 139
List the prime factors of 843568.
2, 11, 4793
List the prime factors of 75242.
2, 17, 2213
List the prime factors of 1285014.
2, 3, 79, 2711
What are the prime factors of 359203?
13, 27631
What are the prime factors of 1296690?
2, 3, 5, 43223
List the prime factors of 12368242.
2, 6184121
List the prime factors of 126489.
3, 11, 3833
What are the prime factors of 15929133?
3, 11, 23, 31, 677
What are the prime factors of 4329445?
5, 865889
What are the prime factors of 741918?
2, 3, 123653
What are the prime factors of 1520035?
5, 11, 29, 953
What are the prime factors of 23880?
2, 3, 5, 199
List the prime factors of 4952103.
3, 13, 19, 41, 163
List the prime factors of 149216.
2, 4663
What are the prime factors of 1396421?
13, 163, 659
List the prime factors of 472616.
2, 59077
List the prime factors of 1715188.
2, 428797
List the prime factors of 612937.
13, 47149
What are the prime factors of 126267?
3, 42089
List the prime factors of 706636.
2, 7, 25237
List the prime factors of 1807338.
2, 3, 13, 17, 29, 47
What are the prime factors of 19431130?
2, 5, 41, 83, 571
What are the prime factors of 1483655?
5, 296731
List the prime factors of 572194.
2, 7, 23, 1777
What are the prime factors of 3177304?
2, 13, 137, 223
What are the prime factors of 270360?
2, 3, 5, 751
What are the prime factors of 408627?
3, 45403
What are the prime factors of 538248?
2, 3, 41, 547
List the prime factors of 512186.
2, 256093
What are the prime factors of 1613075?
5, 113, 571
List the prime factors of 645111.
3, 23893
List the prime factors of 780384.
2, 3, 11, 739
List the prime factors of 5454669.
3, 11, 165293
List the prime factors of 617978.
2, 308989
List the prime factors of 840661.
840661
List the prime factors of 4113857.
11, 373987
List the prime factors of 217014.
2, 3, 7, 5167
What are the prime factors of 303913?
79, 3847
List the prime factors of 1105662.
2, 3, 127, 1451
List the prime factors of 16742825.
5, 11, 107, 569
List the prime factors of 879427.
17, 179
What are the prime factors of 882936?
2, 3, 12263
List the prime factors of 40895614.
2, 41, 59, 79, 107
List the prime factors of 3492759.
3, 1164253
List the prime factors of 4094722.
2, 17, 83, 1451
List the prime factors of 592051.
181, 3271
List the prime factors of 1950849.
3, 216761
What are the prime factors of 159447?
3, 53149
What are the prime factors of 80452?
2, 20113
List the prime factors of 5924176.
2, 370261
What are the prime factors of 604461?
3, 11, 13, 1409
What are the prime factors of 7999643?
31, 211, 1223
List the prime factors of 364336.
2, 7, 3253
What are the prime factors of 246399?
3, 23, 3571
What are the prime factors of 1467568?
2, 37, 67
List the prime factors of 564391.
564391
List the prime factors of 76178.
2, 41, 929
What are the prime factors of 3241510?
2, 5, 324151
What are the prime factors of 4357225?
5, 174289
List the prime factors of 256402.
2, 128201
List the prime factors of 142956.
2, 3, 11, 19
What are the prime factors of 803161?
131, 6131
What are the prime factors of 4543846?
2, 2271923
What are the prime factors of 361731?
3, 120577
List the prime factors of 5796994.
2, 7, 149, 397
What are the prime factors of 26671653?
3, 43, 22973
List the prime factors of 4556792.
2, 569599
List the prime factors of 826659.
3, 17, 1801
List the prime factors of 2452226.
2, 7, 107, 1637
What are the prime factors of 963002?
2, 481501
What are the prime factors of 1910566?
2, 7, 239, 571
List the prime factors of 2609731.
2609731
What are the prime factors of 14363365?
5, 61, 47093
What are the prime factors of 308771?
17, 41, 443
List the prime factors of 1942292.
2, 11, 4013
List the prime factors of 4849375.
5, 7759
List the prime factors of 500670.
2, 3, 5, 5563
List the prime factors of 168186.
2, 3, 28031
What are the prime factors of 422089?
422089
List the prime factors of 3806366.
2, 29, 31, 73
List the prime factors of 13395291.
3, 7, 13, 139, 353
What are the prime factors of 880307?
31, 73, 389
List the prime factors of 262375.
5, 2099
What are the prime factors of 9646602?
2, 3, 7, 229681
List the prime factors of 367292.
2, 91823
List the prime factors of 4616714.
2, 2308357
What are the prime factors of 414108?
2, 3, 11503
What are the prime factors of 57050?
2, 5, 7, 163
List the prime factors of 184370.
2, 5, 103, 179
What are the prime factors of 6248899?
6248899
What are the prime factors of 17740090?
2, 5, 1774009
What are the prime factors of 22098223?
7, 227, 13907
What are the prime factors of 30616963?
13, 2355151
What are the prime factors of 1670174?
2, 11, 89, 853
What are the prime factors of 4944976?
2, 37, 8353
List the prime factors of 5348599.
131, 40829
List the prime factors of 2548817.
2548817
What are the prime factors of 4922384?
2, 17, 18097
List the prime factors of 1803612.
2, 3, 150301
List the prime factors of 488934.
2, 3, 23, 1181
List the prime factors of 76841.
43, 1787
List the prime factors of 990062.
2, 163, 3037
What are the prime factors of 564385?
5, 112877
List the prime factors of 355942.
2, 31, 5741
List the prime factors of 14163068.
2, 59, 60013
What are the prime factors of 56205?
3, 5, 1249
What are the prime factors of 7725249?
3, 7, 47, 2609
What are the prime factors of 10405781?
103, 101027
What are the prime factors of 6531537?
3, 167, 13037
What are the prime factors of 367191?
3, 11, 3709
List the prime factors of 6046788.
2, 3, 11, 19, 2411
List the prime factors of 156964.
2, 39241
What are the prime factors of 147808?
2, 31, 149
What are the prime factors of 65501?
17, 3853
List the prime factors of 11535832.
2, 7, 11, 61, 307
What are the prime factors of 220891?
11, 43, 467
What are the prime factors of 1575548?
2, 13, 41, 739
List the prime factors of 1468739.
1468739
What are the prime factors of 19221136?
2, 11, 109211
List the prime factors of 19689482.
2, 9844741
List the prime factors of 240998.
2, 41, 